52468.
23
Calculate the remainder when 1104873 is divided by 1524.
1497
What is the remainder when 4597 is divided by 2566?
2031
What is the remainder when 33451718 is divided by 579?
572
Calculate the remainder when 1322997 is divided by 21.
18
What is the remainder when 4202757 is divided by 4202730?
27
Calculate the remainder when 53739 is divided by 26837.
65
What is the remainder when 8721708 is divided by 2907218?
54
Calculate the remainder when 221004311 is divided by 10185.
10181
Calculate the remainder when 5464401 is divided by 130102.
117
Calculate the remainder when 44524 is divided by 695.
44
What is the remainder when 1244709 is divided by 234?
63
Calculate the remainder when 71178556 is divided by 437.
433
Calculate the remainder when 15840952 is divided by 17.
12
Calculate the remainder when 15115526 is divided by 522.
494
Calculate the remainder when 477923 is divided by 1509.
1079
Calculate the remainder when 1786601 is divided by 18806.
31
Calculate the remainder when 3021038 is divided by 335660.
98
Calculate the remainder when 2195344 is divided by 1688.
944
What is the remainder when 2180951 is divided by 365?
76
What is the remainder when 556469 is divided by 415?
369
What is the remainder when 371024 is divided by 2349?
2231
Calculate the remainder when 2162197 is divided by 269.
244
What is the remainder when 3434928 is divided by 445?
418
What is the remainder when 346720636 is divided by 22?
20
What is the remainder when 307968 is divided by 7887?
375
Calculate the remainder when 995206 is divided by 147.
16
What is the remainder when 200895550 is divided by 396?
394
Calculate the remainder when 982408 is divided by 11572.
10360
What is the remainder when 171968 is divided by 64?
0
What is the remainder when 8303 is divided by 1379?
29
Calculate the remainder when 5133818 is divided by 1875.
68
What is the remainder when 779062 is divided by 5815?
5667
Calculate the remainder when 1889307 is divided by 22227.
12
What is the remainder when 1762479 is divided by 97?
86
What is the remainder when 825595 is divided by 825593?
2
Calculate the remainder when 44793141 is divided by 8.
5
Calculate the remainder when 220040 is divided by 534.
32
Calculate the remainder when 16281362 is divided by 569.
565
What is the remainder when 4604632 is divided by 31?
16
Calculate the remainder when 1374357 is divided by 105717.
36
What is the remainder when 8438708 is divided by 1217?
30
What is the remainder when 41674880 is divided by 249?
248
Calculate the remainder when 93668944 is divided by 156637.
18
Calculate the remainder when 1539946 is divided by 26.
18
What is the remainder when 468733 is divided by 643?
629
What is the remainder when 582170 is divided by 368?
362
What is the remainder when 1385587 is divided by 2405?
307
What is the remainder when 95158 is divided by 47490?
178
Calculate the remainder when 17970841 is divided by 17.
5
Calculate the remainder when 6418299 is divided by 401113.
491
What is the remainder when 613348 is divided by 204244?
616
Calculate the remainder when 6101889 is divided by 1947.
1938
What is the remainder when 138472947 is divided by 38?
35
What is the remainder when 2303423 is divided by 1055?
358
What is the remainder when 1033763 is divided by 38?
11
Calculate the remainder when 71706924 is divided by 5121923.
2
Calculate the remainder when 51647 is divided by 16015.
3602
Calculate the remainder when 26207 is divided by 2821.
818
Calculate the remainder when 38351 is divided by 1.
0
What is the remainder when 6121821 is divided by 6121803?
18
Calculate the remainder when 8933009 is divided by 197.
44
Calculate the remainder when 25431032 is divided by 268.
244
What is the remainder when 4040262 is divided by 1666?
212
Calculate the remainder when 237445 is divided by 8973.
4147
Calculate the remainder when 39232957 is divided by 2518.
2517
Calculate the remainder when 104340398 is divided by 95.
93
Calculate the remainder when 145743 is divided by 130.
13
What is the remainder when 53979332 is divided by 1458900?
32
What is the remainder when 306180 is divided by 925?
5
Calculate the remainder when 12697656 is divided by 93.
87
Calculate the remainder when 6366363 is divided by 530530.
3
Calculate the remainder when 14090551 is divided by 281810.
51
What is the remainder when 1834510 is divided by 2262?
28
Calculate the remainder when 102679 is divided by 1229.
672
What is the remainder when 58158 is divided by 1?
0
What is the remainder when 19408218 is divided by 221?
219
Calculate the remainder when 72126041 is divided by 2349.
2345
Calculate the remainder when 143789128 is divided by 2201.
2200
Calculate the remainder when 15614346 is divided by 3512.
3506
Calculate the remainder when 384684 is divided by 192313.
58
Calculate the remainder when 99693 is divided by 2431.
22
What is the remainder when 179412 is divided by 1447?
1431
Calculate the remainder when 3136606 is divided by 522759.
52
What is the remainder when 303927 is divided by 149966?
3995
Calculate the remainder when 203602401 is divided by 6.
3
Calculate the remainder when 456146 is divided by 987.
152
Calculate the remainder when 1010635 is divided by 16.
11
What is the remainder when 2236361 is divided by 1604?
385
Calculate the remainder when 174789 is divided by 9455.
4599
Calculate the remainder when 238609 is divided by 353.
334
What is the remainder when 1281680 is divided by 256324?
60
Calculate the remainder when 192170 is divided by 1061.
129
What is the remainder when 2924765 is divided by 314?
169
What is the remainder when 1823656 is divided by 607609?
829
What is the remainder when 1281421 is divided by 928?
781
What is the remainder when 887229 is divided by 114?
81
Calculate the remainder when 839600 is divided by 4492.
4088
Calculate the remainder when 31008458 is divided by 6362.
70
What is the remainder when 3195413 is divided by 2408?
2405
Calculate the remainder when 2429012 is divided by 2754.
2738
Calculate the remainder when 7661342 is divided by 414.
272
Calculate the remainder when 131865867 is divided by 2355.
2352
Calculate the remainder when 33730209 is divided by 3529.
27
What is the remainder when 671632 is divided by 1489?
93
Calculate the remainder when 1303055 is divided by 16922.
61
What is the remainder when 409473 is divided by 65?
38
Calculate the remainder when 272644 is divided by 89.
37
What is the remainder when 968755 is divided by 5322?
151
Calculate the remainder when 1366693 is divided by 85418.
5
Calculate the remainder when 263916 is divided by 65959.
80
What is the remainder when 90891 is divided by 21782?
3763
What is the remainder when 14405812 is divided by 25?
12
Calculate the remainder when 401791 is divided by 7173.
103
What is the remainder when 1144106 is divided by 264?
194
What is the remainder when 683954 is divided by 365?
309
What is the remainder when 4202092 is divided by 33886?
228
What is the remainder when 31933 is divided by 3986?
45
What is the remainder when 25196891 is divided by 1145313?
5
Calculate the remainder when 242406 is divided by 1719.
27
What is the remainder when 992393 is divided by 330794?
11
What is the remainder when 2799090 is divided by 19?
10
Calculate the remainder when 897460 is divided by 1006.
108
What is the remainder when 287789 is divided by 682?
667
Calculate the remainder when 239861 is divided by 11420.
41
What is the remainder when 4227131 is divided by 241?
232
What is the remainder when 1334 is divided by 455?
424
Calculate the remainder when 453736 is divided by 1040.
296
Calculate the remainder when 27967615 is divided by 1447.
1446
What is the remainder when 1129633 is divided by 168?
1
Calculate the remainder when 44374857 is divided by 3288.
9
What is the remainder when 188279 is divided by 785?
664
What is the remainder when 223930 is divided by 88?
58
Calculate the remainder when 609370 is divided by 46873.
21
What is the remainder when 15604062 is divided by 15?
12
What is the remainder when 762661094 is divided by 4038?
4034
Calculate the remainder when 326786 is divided by 79477.
8878
Calculate the remainder when 622526664 is divided by 185.
184
What is the remainder when 55028294 is divided by 1303?
130